{"id":26,"date":"2023-04-15T16:08:59","date_gmt":"2023-04-15T16:08:59","guid":{"rendered":"http:\/\/camp-amhart.de\/home\/?page_id=26"},"modified":"2023-04-16T19:51:29","modified_gmt":"2023-04-16T19:51:29","slug":"agb","status":"publish","type":"page","link":"https:\/\/camp-amhart.de\/home\/agb\/","title":{"rendered":"AGB"},"content":{"rendered":"\n<p>1. Anmeldung und Teilnahmebest\u00e4tigung<\/p>\n\n\n\n<p>Mit der \u00dcberweisung des Teilnehmerbeitrags nach der Anmeldung kommt ein verbindlicher Vertrag zu Stande und sie erhalten per Mail eine Teilnahmebest\u00e4tigung. Die Teilnahme an der Freizeit erfolgt in der Reihenfolge des bezahlten Teilnehmerbeitrags. Weitere Reiseinfos zum Zeltlager werden bei dem Vortreffen und per Mail \u00fcbermittelt.<\/p>\n\n\n\n<p>2. R\u00fccktritt<\/p>\n\n\n\n<p>Der R\u00fccktritt kann nur durch schriftliche Erkl\u00e4rung gegen\u00fcber dem Anbieter erfolgen. F\u00fcr den Fall des R\u00fccktrittes ergeben sich folgende Stornokosten: Absage bis 6 Wochen (42 Tage) vor Freizeitbeginn: volle R\u00fcckerstattung des Teilnehmerbeitrags. Absage bis 2 Wochen (14 Tage) vor Freizeitbeginn: 25 Euro vom Teilnehmerbeitrag. Absage bis Reiseantritt: 50% des Teilnehmerbeitrags. Falls eine Ersatzperson gestellt wird behalten wir nur 25 Euro des Teilnehmerbeitrags ein. Stichtag f\u00fcr die Ermittlung der Stornokosten ist der Tag des Eingangs\/Poststempel der schriftlichen Abmeldung beim Anbieter der Ma\u00dfnahme.<\/p>\n\n\n\n<p>3. Haftung<\/p>\n\n\n\n<p>Eine Haftung des Veranstalters f\u00fcr den Fall, dass eine Veranstaltung nach erfolgter Teilnahmebest\u00e4tigung\/Anmeldung abgesagt werden muss, wird nicht \u00fcbernommen. Durch eine vorzeitige Beendigung (krankheitsbedingt, h\u00f6here Gewalt, Regelverst\u00f6\u00dfe oder auf eigenen Wunsch) der Freizeit, besteht kein Anspruch auf R\u00fcckerstattung des Teilnehmerbeitrags.<\/p>\n\n\n\n<p>4. Versicherung<\/p>\n\n\n\n<p>Alle Teilnehmer-innen sind durch den Anbieter f\u00fcr die Dauer des Aufenthaltes haftpflicht- und unfallversichert (Privatehaftpflichtversicherung haben Vorrang). F\u00fcr den Verlust von Sachen haftet die\/der Teilnehmer-in bzw. dessen Eltern. Bei Krankheitsf\u00e4llen wird die Krankenversicherung der Teilnehmerin\/des Teilnehmers in Anspruch genommen. Elektroger\u00e4te (Smartphone etc.) sind nicht haftpflichtversichert, bitte schie\u00dfen sie hierf\u00fcr eine separate Versicherung ab.<\/p>\n\n\n\n<p>5. Betreuung<\/p>\n\n\n\n<p>Alle Freizeiten werden von geschulten und ausgesuchten ehrenamtlichen Freizeitleiter-innen betreut.<\/p>\n\n\n\n<p>6. Spielregeln<\/p>\n\n\n\n<p>Setzt sich ein-e Teilnehmer-in trotz Mahnungen wiederholt \u00fcber Regeln zwischenmenschlichen Zusammenlebens hinweg oder begeht er\/sie sonstige grobe Verst\u00f6\u00dfe, hat das Betreuer-innen-team das Recht, den\/die Teilnehmer-in in Begleitung einer Aufsichtsperson auf Kosten der Eltern nach Hause zu schicken oder von den Eltern abholen zu lassen.<\/p>\n\n\n\n<p>7. Eignung der Teilnehmer<\/p>\n\n\n\n<p>Der Teilnehmer muss k\u00f6rperlich und geistig in der Lage sein, die Anforderungen eines Zeltlager zu bew\u00e4ltigen. Dazu geh\u00f6ren z.B. Schwimmen, Nachtwanderungen, Zeltlagerfeuer, Waldtage, Wanderungen, \u00dcbernachtungen unter freiem Himmel, Sport, Basteln, Malen, Stadtspiel, Ausfl\u00fcge, Fahrradfahren, Ruhe und Erholungszeiten, Umgang und Benutzung von S\u00e4gen, Taschenmesser, Werkzeug, sowie einfache sanit\u00e4re Verh\u00e4ltnisse zur K\u00f6rperreinigung.<\/p>\n\n\n\n<p>8. Weitere Regelungen<\/p>\n\n\n\n<p>F\u00fcr die Abwicklung des Anmeldeverfahrens, die Buchhaltung, die F\u00f6rderung, die Evaluation der Ma\u00dfnahmen sowie f\u00fcr eine sp\u00e4tere Kontaktaufnahme werden die Daten der Teilnehmer-innen elektronisch gespeichert. Eine Weitergabe der Daten erfolgt nur in den engen Grenzen des Datenschutzes. Eine kommerzielle Verwertung erfolgt nicht. W\u00e4hrend der Ma\u00dfnahmen werden von den Teilnehmer-innen Fotos, Video- und Tonaufnahmen gemacht, diese d\u00fcrfen anschlie\u00dfend f\u00fcr die \u00d6ffentlichkeitsarbeit des Tr\u00e4gers genutzt und unter der Creative-Commons-Lizenz \u00bbNamensnennung-Nicht-Kommerziell-Weitergabe unter gleichen Bedingungen\u00ab ver\u00f6ffentlicht werden. Die verantwortliche Stelle f\u00fcr die Datenverarbeitung: KJG Ortsgruppe am Hart TL, info@camp-amhart.de<\/p>\n","protected":false},"excerpt":{"rendered":"<p>1. Anmeldung und Teilnahmebest\u00e4tigung Mit der \u00dcberweisung des Teilnehmerbeitrags nach der Anmeldung kommt ein verbindlicher Vertrag zu Stande und sie erhalten per Mail eine Teilnahmebest\u00e4tigung. Die Teilnahme an der Freizeit erfolgt in der Reihenfolge des bezahlten Teilnehmerbeitrags. Weitere Reiseinfos zum Zeltlager werden bei dem Vortreffen und per Mail \u00fcbermittelt. 2. R\u00fccktritt Der R\u00fccktritt kann nur [&hellip;]<\/p>\n","protected":false},"author":3,"featured_media":0,"parent":0,"menu_order":0,"comment_status":"closed","ping_status":"closed","template":"","meta":{"footnotes":""},"class_list":["post-26","page","type-page","status-publish","hentry"],"_links":{"self":[{"href":"https:\/\/camp-amhart.de\/home\/wp-json\/wp\/v2\/pages\/26","targetHints":{"allow":["GET"]}}],"collection":[{"href":"https:\/\/camp-amhart.de\/home\/wp-json\/wp\/v2\/pages"}],"about":[{"href":"https:\/\/camp-amhart.de\/home\/wp-json\/wp\/v2\/types\/page"}],"author":[{"embeddable":true,"href":"https:\/\/camp-amhart.de\/home\/wp-json\/wp\/v2\/users\/3"}],"replies":[{"embeddable":true,"href":"https:\/\/camp-amhart.de\/home\/wp-json\/wp\/v2\/comments?post=26"}],"version-history":[{"count":3,"href":"https:\/\/camp-amhart.de\/home\/wp-json\/wp\/v2\/pages\/26\/revisions"}],"predecessor-version":[{"id":70,"href":"https:\/\/camp-amhart.de\/home\/wp-json\/wp\/v2\/pages\/26\/revisions\/70"}],"wp:attachment":[{"href":"https:\/\/camp-amhart.de\/home\/wp-json\/wp\/v2\/media?parent=26"}],"curies":[{"name":"wp","href":"https:\/\/api.w.org\/{rel}","templated":true}]}}