{"id":84,"date":"2023-04-16T20:34:35","date_gmt":"2023-04-16T20:34:35","guid":{"rendered":"https:\/\/camp-amhart.de\/home\/?page_id=84"},"modified":"2026-04-28T19:31:31","modified_gmt":"2026-04-28T19:31:31","slug":"infos-23","status":"publish","type":"page","link":"https:\/\/camp-amhart.de\/home\/infos-23\/","title":{"rendered":"Infos 26"},"content":{"rendered":"\n<figure class=\"wp-block-gallery has-nested-images columns-default is-cropped wp-block-gallery-1 is-layout-flex wp-block-gallery-is-layout-flex\">\n<figure class=\"wp-block-image size-large is-style-default\"><img loading=\"lazy\" decoding=\"async\" width=\"683\" height=\"1024\" data-id=\"209\" src=\"http:\/\/camp-amhart.de\/wp-content\/uploads\/2025\/09\/0F9716DD-7692-4256-825F-EB819168DAD4-683x1024.png\" alt=\"\" class=\"wp-image-209\" srcset=\"https:\/\/camp-amhart.de\/wp-content\/uploads\/2025\/09\/0F9716DD-7692-4256-825F-EB819168DAD4-683x1024.png 683w, https:\/\/camp-amhart.de\/wp-content\/uploads\/2025\/09\/0F9716DD-7692-4256-825F-EB819168DAD4-200x300.png 200w, https:\/\/camp-amhart.de\/wp-content\/uploads\/2025\/09\/0F9716DD-7692-4256-825F-EB819168DAD4-768x1152.png 768w, https:\/\/camp-amhart.de\/wp-content\/uploads\/2025\/09\/0F9716DD-7692-4256-825F-EB819168DAD4.png 1024w\" sizes=\"auto, (max-width: 683px) 100vw, 683px\" \/><\/figure>\n<\/figure>\n\n\n\n<div class=\"wp-block-columns alignwide is-layout-flex wp-container-core-columns-is-layout-28f84493 wp-block-columns-is-layout-flex\">\n<div class=\"wp-block-column is-layout-flow wp-block-column-is-layout-flow\" style=\"flex-basis:66.66%\">\n<div class=\"wp-block-group has-global-padding is-layout-constrained wp-block-group-is-layout-constrained\">\n<div class=\"wp-block-group has-global-padding is-layout-constrained wp-block-group-is-layout-constrained\">\n<p class=\"has-large-font-size\"><strong>Expedition Dschungel \u2013 Camp der Gef\u00e4hrten der Wildnis!&nbsp;<\/strong>\ud83e\udd8e<\/p>\n\n\n\n<p class=\"has-medium-font-size\">\ud83c\udf3f&nbsp;<strong>Der Urwald ruft!<\/strong>&nbsp;\ud83c\udf3f<\/p>\n\n\n\n<div class=\"wp-block-columns is-layout-flex wp-container-core-columns-is-layout-28f84493 wp-block-columns-is-layout-flex\">\n<div class=\"wp-block-column is-layout-flow wp-block-column-is-layout-flow\" style=\"flex-basis:100%\">\n<p><\/p>\n\n\n\n<p>Ein hei\u00dfer Wind streicht durch die dichten Bl\u00e4tter, irgendwo knackt eine Liane \u2013 und pl\u00f6tzlich seid ihr mittendrin. Nicht irgendwo, nicht im Alltag, sondern in einem <strong>verborgenen Dschungel<\/strong>, der nur darauf wartet, von euch entdeckt zu werden. \u00dcberall lauern Geheimnisse: wilde Pfade, versteckte Tiere, geheimnisvolle Ger\u00e4usche, die euch den Atem stocken lassen.<\/p>\n\n\n\n<p>Vom <strong>2. bis 8. August 2026<\/strong> zieht es uns in das Zeltlager auf dem <strong>Jugendzeltplatz Urdonautal<\/strong>, wo ihr die Natur hautnah erlebt und euer eigenes kleines Abenteuerreich aufbaut. Gemeinsam errichtet ihr euer Lager, entz\u00fcndet Feuer mit eigenen H\u00e4nden und lernt, wie man in der Wildnis \u00fcberlebt.<\/p>\n\n\n\n<p>Freut euch auf knifflige Survival-Aufgaben, r\u00e4tselhafte Schatzsuchen und wilde Spiele, bei denen Teamgeist, Mut und Scharfsinn \u00fcber Sieg oder Niederlage entscheiden. Jede Nacht am knisternden Lagerfeuer w\u00e4chst ihr als Gruppe zusammen, Freundschaften werden geschmiedet, Geschichten \u00fcber Abenteuer und geheimnisvolle Orte erz\u00e4hlt \u2013 und ihr sp\u00fcrt den Herzschlag des Dschungels.<\/p>\n\n\n\n<p>Dies ist kein normales Zeltlager. Dies ist euer Dschungel-Abenteuer, voller Spannung, Spiel, Mutproben und unvergesslicher Erlebnisse. Wer den Dschungel versteht, wird nicht nur \u00fcberleben \u2013 er wird ein echter Abenteurer.<\/p>\n\n\n\n<p>\ud83e\udded\ud83c\udf3f<strong>Also, worauf wartet ihr? Wir freuen uns auf euch, eure Ortsgruppe am Hart TL<\/strong>\ud83c\udf3f\ud83e\udded<\/p>\n\n\n\n<p><\/p>\n<\/div>\n<\/div>\n\n\n\n<p>Dieses Jahr am:<br><strong>Jugendzeltplatz Urdonautal ,<\/strong><br><strong>Aicha 12 a, 91809 Wellheim<\/strong><br><a href=\"https:\/\/www.naturpark-altmuehltal.de\/camping-wohnmobil\/jugendzeltplatz_urdonautal-789\/\">https:\/\/www.naturpark-altmuehltal.de\/camping-wohnmobil\/jugendzeltplatz_urdonautal-789\/<\/a><\/p>\n\n\n\n<p>\u203c\ufe0fDieses Jahr erfolgt die Anreise bitte <strong>selbst\u00e4ndig bzw. per Fahrgemeinschaften<\/strong>, weitere Informationen und Hilfe bei der Einteilung\/ Organisation erhalten Sie von uns demn\u00e4chst via Mail\u203c\ufe0f<\/p>\n\n\n\n<p class=\"has-large-font-size\"><u><strong>Wer darf mit auf die Reise?<\/strong><\/u><\/p>\n\n\n\n<p>Du\u2026<br>\u2026 besuchst mindestens die dritte Klasse.<br>\u2026 h\u00e4ltst dich gerne im Freien auf.<br>\u2026 bist bereit auch mit an zu packen.<br>\u2026 bist bei Regen wasserfest.<br>&#8230; hast Spa\u00df an gemeinsamen Aktivit\u00e4ten!<br>&nbsp;&nbsp;&nbsp; (Gel\u00e4ndespiele, Lagerrunden und vieles mehr)<br>\u2026 willst neue Freunde finden.<br>\u2026 h\u00e4ltst auch mal eine Woche ohne<br>&nbsp;&nbsp;&nbsp;&nbsp; Mama und Papa aus!<br>\u2026 bist nicht \u00e4lter als 17 Jahre<br><br>Wenn das alles auf dich zutrifft,<br>dann komm zu uns in unser Wildnis-Camp!<\/p>\n<\/div>\n<\/div>\n<\/div>\n\n\n\n<div class=\"wp-block-column is-layout-flow wp-block-column-is-layout-flow\" style=\"flex-basis:33.33%\">\n<div class=\"wp-block-group has-global-padding is-layout-constrained wp-block-group-is-layout-constrained\">\n<div class=\"wp-block-group has-global-padding is-layout-constrained wp-block-group-is-layout-constrained\">\n<p class=\"has-large-font-size\">Wichtige Infos<\/p>\n<\/div>\n\n\n\n<div class=\"wp-block-group has-global-padding is-layout-constrained wp-block-group-is-layout-constrained\">\n<p><strong><u>Eltern-Info-Treff:<\/u><\/strong><br><strong><mark style=\"background-color:rgba(0, 0, 0, 0)\" class=\"has-inline-color has-secondary-color\">19.06.2026 um 18.00 Uhr<\/mark><\/strong><br>Via Zoom, Link folgt via Mail in K\u00fcrze<br>(nicht verpflichtend)<\/p>\n<\/div>\n\n\n\n<div class=\"wp-block-group has-global-padding is-layout-constrained wp-block-group-is-layout-constrained\">\n<p><strong><u>Verbindliches Vortreffen:<\/u><\/strong><br>F\u00fcr alle Teilnehmer*innen <strong>verpflichtend<\/strong><br><strong><mark style=\"background-color:rgba(0, 0, 0, 0)\" class=\"has-inline-color has-secondary-color\">10.07.2026 um 17.00 Uhr &#8211; 18.00 Uhr <\/mark><\/strong><br>Im <strong>Jugendsaal<\/strong> von 14. Nothelfer<br>Kath. Pfarramt 14 Nothelfer<br>Karlsbader Str. 3 80937 M\u00fcnchen<\/p>\n\n\n\n<p><strong><u>Anmeldeschluss:<\/u><\/strong><br>\u203c\ufe0f<strong><mark style=\"background-color:rgba(0, 0, 0, 0);color:#cf2e2e\" class=\"has-inline-color\">Anmeldeschluss, leider sind alle Pl\u00e4tze f\u00fcr das Jahr 2026 bereits belegt<\/mark><\/strong>\u203c\ufe0f<\/p>\n\n\n\n<p><strong><span style=\"text-decoration: underline;\">Nachtreffen<\/span><\/strong>:<br><strong><mark style=\"background-color:rgba(0, 0, 0, 0)\" class=\"has-inline-color has-secondary-color\">Freitag, 09.10.2025 17:00 Uhr<\/mark><\/strong> <br>Im <strong>Jugendsaal<\/strong> von 14. Nothelfer<br>Kath. Pfarramt 14 Nothelfer<br>Karlsbader Str. 3 80937 M\u00fcnchen<br><\/p>\n\n\n\n<p>\u26a0\ufe0f<strong>Die Zahlung wird dieses Jahr schon im Juni beginnen und Ende Juli enden<\/strong> (wir versenden eine Email mit genaueren Infos)<\/p>\n<\/div>\n\n\n\n<div class=\"wp-block-group has-global-padding is-layout-constrained wp-block-group-is-layout-constrained\">\n<div class=\"wp-block-group has-global-padding is-layout-constrained wp-block-group-is-layout-constrained\">\n<p>Preis pro Person: 180\u20ac<br>F\u00fcr angeworbene, vollzahlende Teilnehmer*innen und Geschwister<br>Gibt es <span style=\"text-decoration: underline;\">10\u20ac Rabatt<\/span><\/p>\n<\/div>\n<\/div>\n\n\n\n<div class=\"wp-block-group has-global-padding is-layout-constrained wp-block-group-is-layout-constrained\">\n<p>Bei weiteren Fragen wendet euch bitte an das<br>Hauptleiterteam:<br>Mail: <a href=\"mailto:Anmeldung@camp-amhart.de\">Anmeldung@camp-amhart.de<\/a><br>(<strong>Im Falle eines dringenden Notfalls<\/strong> auch per Telefon: 0172 6858081)<\/p>\n\n\n\n<p><\/p>\n\n\n\n<p><\/p>\n<\/div>\n<\/div>\n\n\n\n<div class=\"wp-block-buttons is-layout-flex wp-block-buttons-is-layout-flex\">\n<div class=\"wp-block-button\"><a class=\"wp-block-button__link wp-element-button\" href=\"https:\/\/camp-amhart.de\/home\/anmeldung\/\">Anmeldung<\/a><\/div>\n<\/div>\n<\/div>\n<\/div>\n","protected":false},"excerpt":{"rendered":"<p>Expedition Dschungel \u2013 Camp der Gef\u00e4hrten der Wildnis!&nbsp;\ud83e\udd8e \ud83c\udf3f&nbsp;Der Urwald ruft!&nbsp;\ud83c\udf3f Ein hei\u00dfer Wind streicht durch die dichten Bl\u00e4tter, irgendwo knackt eine Liane \u2013 und pl\u00f6tzlich seid ihr mittendrin. Nicht irgendwo, nicht im Alltag, sondern in einem verborgenen Dschungel, der nur darauf wartet, von euch entdeckt zu werden. \u00dcberall lauern Geheimnisse: wilde Pfade, versteckte Tiere, [&hellip;]<\/p>\n","protected":false},"author":3,"featured_media":0,"parent":0,"menu_order":0,"comment_status":"closed","ping_status":"closed","template":"","meta":{"footnotes":""},"class_list":["post-84","page","type-page","status-publish","hentry"],"_links":{"self":[{"href":"https:\/\/camp-amhart.de\/home\/wp-json\/wp\/v2\/pages\/84","targetHints":{"allow":["GET"]}}],"collection":[{"href":"https:\/\/camp-amhart.de\/home\/wp-json\/wp\/v2\/pages"}],"about":[{"href":"https:\/\/camp-amhart.de\/home\/wp-json\/wp\/v2\/types\/page"}],"author":[{"embeddable":true,"href":"https:\/\/camp-amhart.de\/home\/wp-json\/wp\/v2\/users\/3"}],"replies":[{"embeddable":true,"href":"https:\/\/camp-amhart.de\/home\/wp-json\/wp\/v2\/comments?post=84"}],"version-history":[{"count":36,"href":"https:\/\/camp-amhart.de\/home\/wp-json\/wp\/v2\/pages\/84\/revisions"}],"predecessor-version":[{"id":233,"href":"https:\/\/camp-amhart.de\/home\/wp-json\/wp\/v2\/pages\/84\/revisions\/233"}],"wp:attachment":[{"href":"https:\/\/camp-amhart.de\/home\/wp-json\/wp\/v2\/media?parent=84"}],"curies":[{"name":"wp","href":"https:\/\/api.w.org\/{rel}","templated":true}]}}

<figure class="wp-block-gallery has-nested-images columns-default is-cropped wp-block-gallery-1 is-layout-flex wp-block-gallery-is-layout-flex">
<figure class="wp-block-image size-large is-style-default"><img loading="lazy" decoding="async" width="683" height="1024" data-id="209" src="http://camp-amhart.de/wp-content/uploads/2025/09/0F9716DD-7692-4256-825F-EB819168DAD4-683x1024.png" alt="" class="wp-image-209" srcset="https://camp-amhart.de/wp-content/uploads/2025/09/0F9716DD-7692-4256-825F-EB819168DAD4-683x1024.png 683w, https://camp-amhart.de/wp-content/uploads/2025/09/0F9716DD-7692-4256-825F-EB819168DAD4-200x300.png 200w, https://camp-amhart.de/wp-content/uploads/2025/09/0F9716DD-7692-4256-825F-EB819168DAD4-768x1152.png 768w, https://camp-amhart.de/wp-content/uploads/2025/09/0F9716DD-7692-4256-825F-EB819168DAD4.png 1024w" sizes="auto, (max-width: 683px) 100vw, 683px" /></figure>
</figure>



<div class="wp-block-columns alignwide is-layout-flex wp-container-core-columns-is-layout-28f84493 wp-block-columns-is-layout-flex">
<div class="wp-block-column is-layout-flow wp-block-column-is-layout-flow" style="flex-basis:66.66%">
<div class="wp-block-group has-global-padding is-layout-constrained wp-block-group-is-layout-constrained">
<div class="wp-block-group has-global-padding is-layout-constrained wp-block-group-is-layout-constrained">
<p class="has-large-font-size"><strong>Expedition Dschungel – Camp der Gefährten der Wildnis!&nbsp;</strong>🦎</p>



<p class="has-medium-font-size">🌿&nbsp;<strong>Der Urwald ruft!</strong>&nbsp;🌿</p>



<div class="wp-block-columns is-layout-flex wp-container-core-columns-is-layout-28f84493 wp-block-columns-is-layout-flex">
<div class="wp-block-column is-layout-flow wp-block-column-is-layout-flow" style="flex-basis:100%">
<p></p>



<p>Ein heißer Wind streicht durch die dichten Blätter, irgendwo knackt eine Liane – und plötzlich seid ihr mittendrin. Nicht irgendwo, nicht im Alltag, sondern in einem <strong>verborgenen Dschungel</strong>, der nur darauf wartet, von euch entdeckt zu werden. Überall lauern Geheimnisse: wilde Pfade, versteckte Tiere, geheimnisvolle Geräusche, die euch den Atem stocken lassen.</p>



<p>Vom <strong>2. bis 8. August 2026</strong> zieht es uns in das Zeltlager auf dem <strong>Jugendzeltplatz Urdonautal</strong>, wo ihr die Natur hautnah erlebt und euer eigenes kleines Abenteuerreich aufbaut. Gemeinsam errichtet ihr euer Lager, entzündet Feuer mit eigenen Händen und lernt, wie man in der Wildnis überlebt.</p>



<p>Freut euch auf knifflige Survival-Aufgaben, rätselhafte Schatzsuchen und wilde Spiele, bei denen Teamgeist, Mut und Scharfsinn über Sieg oder Niederlage entscheiden. Jede Nacht am knisternden Lagerfeuer wächst ihr als Gruppe zusammen, Freundschaften werden geschmiedet, Geschichten über Abenteuer und geheimnisvolle Orte erzählt – und ihr spürt den Herzschlag des Dschungels.</p>



<p>Dies ist kein normales Zeltlager. Dies ist euer Dschungel-Abenteuer, voller Spannung, Spiel, Mutproben und unvergesslicher Erlebnisse. Wer den Dschungel versteht, wird nicht nur überleben – er wird ein echter Abenteurer.</p>



<p>🧭🌿<strong>Also, worauf wartet ihr? Wir freuen uns auf euch, eure Ortsgruppe am Hart TL</strong>🌿🧭</p>



<p></p>
</div>
</div>



<p>Dieses Jahr am:<br><strong>Jugendzeltplatz Urdonautal ,</strong><br><strong>Aicha 12 a, 91809 Wellheim</strong><br><a href="https://www.naturpark-altmuehltal.de/camping-wohnmobil/jugendzeltplatz_urdonautal-789/">https://www.naturpark-altmuehltal.de/camping-wohnmobil/jugendzeltplatz_urdonautal-789/</a></p>



<p>‼️Dieses Jahr erfolgt die Anreise bitte <strong>selbständig bzw. per Fahrgemeinschaften</strong>, weitere Informationen und Hilfe bei der Einteilung/ Organisation erhalten Sie von uns demnächst via Mail‼️</p>



<p class="has-large-font-size"><u><strong>Wer darf mit auf die Reise?</strong></u></p>



<p>Du…<br>… besuchst mindestens die dritte Klasse.<br>… hältst dich gerne im Freien auf.<br>… bist bereit auch mit an zu packen.<br>… bist bei Regen wasserfest.<br>&#8230; hast Spaß an gemeinsamen Aktivitäten!<br>&nbsp;&nbsp;&nbsp; (Geländespiele, Lagerrunden und vieles mehr)<br>… willst neue Freunde finden.<br>… hältst auch mal eine Woche ohne<br>&nbsp;&nbsp;&nbsp;&nbsp; Mama und Papa aus!<br>… bist nicht älter als 17 Jahre<br><br>Wenn das alles auf dich zutrifft,<br>dann komm zu uns in unser Wildnis-Camp!</p>
</div>
</div>
</div>



<div class="wp-block-column is-layout-flow wp-block-column-is-layout-flow" style="flex-basis:33.33%">
<div class="wp-block-group has-global-padding is-layout-constrained wp-block-group-is-layout-constrained">
<div class="wp-block-group has-global-padding is-layout-constrained wp-block-group-is-layout-constrained">
<p class="has-large-font-size">Wichtige Infos</p>
</div>



<div class="wp-block-group has-global-padding is-layout-constrained wp-block-group-is-layout-constrained">
<p><strong><u>Eltern-Info-Treff:</u></strong><br><strong><mark style="background-color:rgba(0, 0, 0, 0)" class="has-inline-color has-secondary-color">19.06.2026 um 18.00 Uhr</mark></strong><br>Via Zoom, Link folgt via Mail in Kürze<br>(nicht verpflichtend)</p>
</div>



<div class="wp-block-group has-global-padding is-layout-constrained wp-block-group-is-layout-constrained">
<p><strong><u>Verbindliches Vortreffen:</u></strong><br>Für alle Teilnehmer*innen <strong>verpflichtend</strong><br><strong><mark style="background-color:rgba(0, 0, 0, 0)" class="has-inline-color has-secondary-color">10.07.2026 um 17.00 Uhr &#8211; 18.00 Uhr </mark></strong><br>Im <strong>Jugendsaal</strong> von 14. Nothelfer<br>Kath. Pfarramt 14 Nothelfer<br>Karlsbader Str. 3 80937 München</p>



<p><strong><u>Anmeldeschluss:</u></strong><br>‼️<strong><mark style="background-color:rgba(0, 0, 0, 0);color:#cf2e2e" class="has-inline-color">Anmeldeschluss, leider sind alle Plätze für das Jahr 2026 bereits belegt</mark></strong>‼️</p>



<p><strong><span style="text-decoration: underline;">Nachtreffen</span></strong>:<br><strong><mark style="background-color:rgba(0, 0, 0, 0)" class="has-inline-color has-secondary-color">Freitag, 09.10.2025 17:00 Uhr</mark></strong> <br>Im <strong>Jugendsaal</strong> von 14. Nothelfer<br>Kath. Pfarramt 14 Nothelfer<br>Karlsbader Str. 3 80937 München<br></p>



<p>⚠️<strong>Die Zahlung wird dieses Jahr schon im Juni beginnen und Ende Juli enden</strong> (wir versenden eine Email mit genaueren Infos)</p>
</div>



<div class="wp-block-group has-global-padding is-layout-constrained wp-block-group-is-layout-constrained">
<div class="wp-block-group has-global-padding is-layout-constrained wp-block-group-is-layout-constrained">
<p>Preis pro Person: 180€<br>Für angeworbene, vollzahlende Teilnehmer*innen und Geschwister<br>Gibt es <span style="text-decoration: underline;">10€ Rabatt</span></p>
</div>
</div>



<div class="wp-block-group has-global-padding is-layout-constrained wp-block-group-is-layout-constrained">
<p>Bei weiteren Fragen wendet euch bitte an das<br>Hauptleiterteam:<br>Mail: <a href="mailto:Anmeldung@camp-amhart.de">Anmeldung@camp-amhart.de</a><br>(<strong>Im Falle eines dringenden Notfalls</strong> auch per Telefon: 0172 6858081)</p>



<p></p>



<p></p>
</div>
</div>



<div class="wp-block-buttons is-layout-flex wp-block-buttons-is-layout-flex">
<div class="wp-block-button"><a class="wp-block-button__link wp-element-button" href="https://camp-amhart.de/home/anmeldung/">Anmeldung</a></div>
</div>
</div>
</div>

<p>Expedition Dschungel – Camp der Gefährten der Wildnis!&nbsp;🦎 🌿&nbsp;Der Urwald ruft!&nbsp;🌿 Ein heißer Wind streicht durch die dichten Blätter, irgendwo knackt eine Liane – und plötzlich seid ihr mittendrin. Nicht irgendwo, nicht im Alltag, sondern in einem verborgenen Dschungel, der nur darauf wartet, von euch entdeckt zu werden. Überall lauern Geheimnisse: wilde Pfade, versteckte Tiere, [&hellip;]</p>
